 = -5*m + 8. Let w(d) = 2*l(d) + 3*x(d). Give w(p).
1
Let k(p) = -4*p**3 + 3*p**2 + p - 4. Let s be k(4). Let x = s - -205. Let q(m) = 15*m + 12. Let l(a) = -10*a - 8. Let o(w) = -7*l(w) - 5*q(w). Give o(x).
11
Let w(h) be the second derivative of -h**3 - 62*h**2 + 20*h + 55. Give w(-21).
2
Suppose -4*r + 14*p = 15*p - 20, -3*r - 2*p = -15. Suppose -j = -3*y + 4, -5*y + 29 = 5*j + 9. Let q(v) = -v**3 + 17*v - v - 4 - r*v**j - 12*v. Calculate q(-6).
8
Let n(s) be the first derivative of 7*s**2/2 - 36*s - 1090. Determine n(6).
6
Let z(l) = -l + 3. Let w(a) = -2 - 289*a + 287*a - 3. Let n be w(-3). Suppose 0 = 4*s + n + 3, -5*b + 39 = -4*s. Determine z(b).
-4
Let x = -474 - -477. Let s(k) = 17*k - 8*k + 2 - 10*k - 6 - x. Determine s(-2).
-5
Let p be 148/52 + -2 - (-6)/39. Suppose -d = q, 9 = q - 3*d + p. Let k(a) = 4*a**2 + 4*a - 5*a**q + 4 + 0*a**2. Determine k(4).
4
Let g(z) = -11*z**2 - 24*z + 7. Let v(y) = -13*y**2 - 27*y + 9. Let i(r) = -6*g(r) + 5*v(r). Give i(-10).
13
Let q(l) = 3*l**3 - 2*l**2 + l + 2. Let r be (0 - -4)*1 + -9. Let i be r/(-15) - (8/(-3) - -1). Calculate q(i).
20
Let c(x) be the first derivative of 7*x - 75 + 1/3*x**3 + 6*x**2. What is c(-11)?
-4
Let q(c) = 48 + 18*c - 71*c + 39*c. Give q(4).
-8
Let s(r) = 84*r**2 + 5*r - 148*r**2 + 6 + 70*r**2. Give s(-2).
20
Let r(g) = -g**3 - 6*g**2 + 8*g + 8. Suppose -55*w + 62*w - 63 = 0. Suppose -4*p - 13 = 3*l, w + 9 = -4*p - 2*l. Calculate r(p).
1
Let a(r) = -443*r + 227*r + 131 + 223*r. Give a(-18).
5
Let o = -272701 + 272695. Let g(w) = 2*w**2 - 14 + 2*w - w**2 + w. Calculate g(o).
4
Let m(j) = 5*j**3 - j**2 - 2*j + 2. Let n(a) = -18*a**3 + 6*a**2 + 9*a - 12. Let s(w) = -4*m(w) - n(w). Calculate s(-3).
43
Let m be 7 - ((-2)/(-3 - -1) - -1). Let h(x) = x - m - 9*x - 2*x - 3*x**2 + 2*x**2. Calculate h(-8).
11
Let o be (-16)/(-12)*(-18)/4. Let k(h) = h + 3. Let s(a) = -2*a - 2. Let p(c) = o*k(c) - 2*s(c). What is p(-6)?
-2
Let j(a) = -14*a - 99. Let k be (-46)/6 + ((-41)/(-123))/(3/6). Calculate j(k).
-1
Let s(g) be the first derivative of -g**6/360 + g**5/12 + g**4/12 - 4*g**3/3 + 3*g - 41. Let p(u) be the third derivative of s(u). Give p(11).
-9
Suppose 149*k + 4145 = -200*k - 3882. Let b(s) = s**2 + 23*s + 7. Calculate b(k).
7
Let h(j) = -11*j - 3. Let u(i) = -4*i - 1. Let o = -13 + 7. Let s(b) = o*h(b) + 17*u(b). Let t be ((-16)/12*9/108)/(20/(-360)). Give s(t).
-3
Let n(j) be the third derivative of -j**5/30 + j**4/12 + 13*j**3/6 + 12*j**2 - 3*j + 18. Determine n(7).
-71
Let u(k) be the first derivative of 4*k**3/3 + k**2/2 - 10*k + 403. What is u(-2)?
4
Let i(a) = 2*a**2 + a. Let u be (-2)/3 - ((-70)/6)/7. Let b be ((-1)/(-2 + u))/((-57)/(-114)). Determine i(b).
10
Let z(f) be the third derivative of 0*f**4 + 1 - 1/120*f**6 + f**3 + 0*f + 50*f**2 + 1/15*f**5. Determine z(5).
-19
Let o(b) be the third derivative of b**4/24 - b**2. Let p(r) = -48398*r - 338797. Let j be p(-7). Determine o(j).
-11
Let d(c) be the second derivative of c**4/12 - 7*c**3/6 - 5*c**2 + 13*c. Let f be d(7). Let x be 32/f + (66/30 - 2). Let u(s) = s**2 + s - 1. Determine u(x).
5
Let x(r) = 91*r**2 + 8 - r - 6 - 78*r**2 + r - 1. Let f be (3 + (0 - 1))/(-2). Give x(f).
14
Let v(t) = t + 28. Let g(p) = -317*p + 1287. Let h be g(4). Calculate v(h).
47
Suppose 0 = 24*c - 5*c - 46987. Let q(t) = -3*t - 4 + c*t**2 - 2 - 2472*t**2. What is q(-3)?
12
Let r(y) = -7*y - 16. Let d be ((-189)/54*(-16)/(-28))/1. Determine r(d).
-2
Let l(b) = 39 + 10*b + 17*b - 8*b - 18*b. Calculate l(19).
58
Let d = 350 - 351. Let q be (14 + 0 - 7)/(d - -2). Let g(l) = 4*l + 1. Determine g(q).
29
Let p = -72 - -72. Suppose c + 3*c - 144 = p. Let m(s) = 2 - c*s**2 + 39*s**2 + s**3 + 2*s - 1. Calculate m(-2).
1
Let q(o) be the second derivative of -o**3/6 - o**2 - o. Suppose -3*d - 493 - 152 = 0. Let b = d + 221. Calculate q(b).
-8
Let j = -27 + 47. Let r(h) = -6*h - h**2 - 2*h + 35 - j. Let p be r(-9). Let g(a) = a**2 - 4*a - 6. What is g(p)?
6
Suppose 152*t - 32*t = 3*t - 234. Let o(v) be the first derivative of v**3/3 + 5*v + 1. Calculate o(t).
9
Let r(u) = 11*u**2 + 156*u - 12. Let d(q) = 2*q**2 + 31*q - 2. Let g(b) = 5*d(b) - r(b). Suppose 4*o = 3*o + 3. Suppose o*s + 1 + 5 = 0. Determine g(s).
0
Let f(n) = n**2 + 668*n + 12327. Let p be f(-19). Let k(h) = h + 2. Let t be -7 + 1/1*1. Let r(d) = -d - 2. Let w(i) = t*k(i) - 5*r(i). Determine w(p).
2
Let f(a) = 0*a + 33 + 10*a - 10 + 8. Give f(-3).
1
Suppose 0 = q + 24*w - 21*w, q - 3*w = -6. Let r(c) = -c**3 - 4*c**2 - 2*c - 9. Give r(q).
-12
Let m(l) = -l**3 + 10*l**2 - 4*l - 8. Suppose -v + 21 = 2*s, 2*v - 5*s - 43 = -55. What is m(v)?
37
Let i(d) be the second derivative of 1/3*d**3 - 5/2*d**2 - 1/20*d**5 + 0 - 213*d - 1/3*d**4. What is i(-4)?
-13
Let g = -46 - -40. Suppose k - 6*k = 0. Let h(v) = -6*v - 5 + 10*v + k*v - 5*v. What is h(g)?
1
Let r(v) be the third derivative of v**6/120 - v**5/60 - 5*v**4/12 + 3*v**3/2 + 227*v**2. Calculate r(3).
-3
Let f = 3396 + -3393. Let b(j) = -j**2 + 1. Let o(l) = 2*l**2 - 2*l + 1. Let g(p) = b(p) + o(p). What is g(f)?
5
Let h(u) = -u**3 - 18*u**2 + 6*u - 4. Let b be (-8)/4*1/(-6)*15. Let p(v) = 8*v**2 - 3*v + 2. Let z(q) = b*p(q) + 2*h(q). What is z(2)?
-4
Let o(b) = -6*b + 9*b + 3*b + 8*b**2 - 5 + b**3. Let g be o(-5). Let y = 33 - g. Let u(c) = -c**2 - 6*c - 2. Calculate u(y).
-9
Let x(k) = -k + 5. Let l(a) be the third derivative of a**4/24 - 2*a**3 - 108*a**2. Let i(u) = 2*l(u) + 3*x(u). What is i(-3)?
-6
Let w(m) be the first derivative of -5*m - 3 + 0*m**2 + 1/3*m**3 - 1/4*m**4. Suppose 2*z = 5*s - 68 + 63, -z - 2*s + 2 = 0. What is w(z)?
-5
Let l(d) = 60*d - 63. Let h(q) = -73*q + 72. Let x(v) = 4*h(v) + 5*l(v). Give x(16).
101
Let b be (-199 + 45)*2/(-7). Let n(f) = -6*f + b + 35 - 85 - f**2. What is n(-5)?
-1
Let a be -8 - (-3 + (-144)/27). Let u(s) be the third derivative of -10*s**2 + 1/24*s**4 + 0 + a*s**3 + 0*s. Determine u(0).
2
Let s(m) = -2*m - 106409418*m**3 + 3*m**2 - 2*m**2 + 106409420*m**3 + 1. Suppose -6 = -0*c - 3*c. Determine s(c).
17
Let x(v) = -2*v + 1. Let l(r) = -r - 27. Let p(g) = -2*g + 25. Let f(t) = 3*l(t) + 4*p(t). Let u(h) = f(h) - 5*x(h). What is u(16)?
-2
Let s(j) = -29*j + 66197 + j**3 - 25*j**2 - 132243 + 66121. Determine s(26).
-3
Let t(z) = 11*z + 10. Suppose -13 = -p - 19. Let r(x) = -13*x - 11. Let o(f) = p*t(f) - 5*r(f). What is o(-5)?
0
Let q = -62 - -243. Let z(l) = -14*l**2 - l**3 - 10 + 180*l - 375*l + q*l. Calculate z(-13).
3
Let u(j) = 2*j**2 + 41*j + 8. Let o = -11274 + 11254. Determine u(o).
-12
Suppose 0*c - 17 = -w - 5*c, 1 = 2*w - c. Let f(h) = 321 + 0*h**w - h**2 - 316 - h. Calculate f(-3).
-1
Suppose 4*y = -2*q + 10, 4*y + 5*q = -y. Suppose -2*a = 3*u + 2*u, -3*u + 5*a = 0. Let t = u - y. Let h(w) = w**2 + 7*w - 2. Determine h(t).
-12
Let d(a) = 44*a + 2. Suppose -149*o - 194 = 104. What is d(o)?
-86
Let s(n) be the third derivative of -n**5/60 + n**4/6 + 13*n**3/2 - 5675*n**2. Calculate s(11).
-38
Let j = 125 - 103. Let z be (j/(-12) + (-1)/6)*3. Let l(h) be the first derivative of -h**3/3 - 2*h**2 + 7*h - 7. Determine l(z).
-5
Let r(x) = -x**2 + 2*x + 13. Suppose 4*l + 14 = 5*b, 0 = l + 4*b - 9*b + 11. Let p be l + 60/18*(-12)/(-8). Give r(p).
5
Let a(j) = -j - 1. Suppose -3*w + 6*m = 3*m + 1209, -3*w + 4*m = 1208. Let x = -409 - w. Give a(x).
4
Let q(g) be the first derivative of -g**3/3 - 3*g**2/2 + 191*g + 4804. Determine q(12).
11
Let g = 342 + -246. Let o(v) = 193*v - 98*v - g*v. What is o(8)?
-8
Suppose 3*r - 3*f - 76 = -94, 5*r + 42 = -f. Let i(k) = k**3 + 10*k**2 + 19*k + 21. Give i(r).
-3
Let x(v) = 3*v**2 - 8*v - 8. Let y(o) = -11*o**2 + 24*o + 24. Suppose 20 = -5*h, 5*g + 4*h = 5*h - 31. Let z(b) = g*x(b) - 2*y(b). Calculate z(-6).
-4
Let r(g) = 17 - 32*g**2 - 21 + 25*g**2 + 23*g. What is r(4)?
-24
Let v = 707 + -704. Let s(p) = 3*p**2 + 10*p + 3. Let h(l) = 2*l**2 + 6*l + 2. Let f(i) = 5*h(i) - 3*s(i). Calculate f(v).
10
Suppose -24 = 75*i - 83*i. Let q(j) = -10*j - i*j - 3*j + 3*j. Give q(-2).
26
Suppose -2*p - 37 + 41 = 0. Let u(n) = 38 - 4*n**2 + 3*n**2 + 2*n - 53 - 2*n**p - n**2 - n**3. Determine u(-5).
0
Let w(z) be the first derivative of z**3/3 - 5*z**2/2 + 2*z - 49. Let c be (2/(-3))/(1/(-3)). Suppose -27 = -5*r - c. Give w(r).
2
Let b(c) = -4*c**2 - 245*c + 1